{"id":9753,"date":"2024-06-24T13:25:27","date_gmt":"2024-06-24T11:25:27","guid":{"rendered":"https:\/\/www.signium.com\/?post_type=function&#038;p=9753"},"modified":"2024-07-03T12:02:54","modified_gmt":"2024-07-03T10:02:54","slug":"projekt-management","status":"publish","type":"function","link":"https:\/\/www.signium.com\/de\/function\/projekt-management\/","title":{"rendered":"Programm- und Projektmanagement"},"content":{"rendered":"\n<p data-aos=\"fade-up\">Der Bereich Programm- und Projektmanagement umfasst die Planung, Leitung und \u00dcberwachung von Programmen und Projekten. Ziel ist es, sicherzustellen, dass die Programme und Projekte p\u00fcnktlich, innerhalb des Budgets und gem\u00e4\u00df den festgelegten Qualit\u00e4tsstandards abgeschlossen werden.<\/p>\n\n\n\n<p data-aos=\"fade-up\">Interim Manager im Bereich Programm- und Projektmanagement helfen Unternehmen, ihre Ressourcen optimal einzusetzen und Stakeholder zufriedenzustellen. Zudem unterst\u00fctzen sie bei der Einf\u00fchrung von Best Practices und der Stabilisierung von Projektteams w\u00e4hrend \u00dcbergangsphasen oder kritischer Projektsituationen.<\/p>\n\n\n\n<div class=\"content-tabs\">\n                        <div class=\"content-tabs-items\" id=\"block_1006919fa1d76b3e50d8b006e58186c8\">\n                                                        <div\n                        class=\"content-tabs-item -active\"\n                    >\n                        <h4 data-aos=\"fade-up\">Head of Program Management \/ Programm-Manager<\/h4>\n                        <h2 data-aos=\"fade-up\"><\/h2>\n                        <p>\n                        Als Programm-Manager \u00fcberwacht und f\u00f6rdert der Interim Manager die Zusammenarbeit zwischen den Projektmanagern. Der Interim Programm-Manager ist verantwortlich f\u00fcr das Management der Abh\u00e4ngigkeiten zwischen den Projekten innerhalb des Programms und k\u00fcmmert sich um eskalierte Probleme, die nicht in den Aufgabenbereich des Projektmanagements fallen.                        <\/p>\n                    <\/div>\n                                                                <div\n                        class=\"content-tabs-item -active\"\n                    >\n                        <h4 data-aos=\"fade-up\">Head of Project Management \/ Projektmanager<\/h4>\n                        <h2 data-aos=\"fade-up\"><\/h2>\n                        <p>\n                        Als Project Manager verantwortet der Interim Manager die operative Planung, Durchf\u00fchrung, Steuerung und Realisierung von Projekten. Er begleitet ein Projekt vom Anfang bis zum Ende, beh\u00e4lt dabei den \u00dcberblick \u00fcber den Ablauf, die Arbeitsweise der Projektmitarbeiter, das Budget und den zeitlichen Rahmen.                        <\/p>\n                    <\/div>\n                                                                <div\n                        class=\"content-tabs-item -active\"\n                    >\n                        <h4 data-aos=\"fade-up\">Head of PMO \/ Leiter PMO<\/h4>\n                        <h2 data-aos=\"fade-up\"><\/h2>\n                        <p>\n                        Als Head of PMO leitet der Interim Manager das Programm-Management Office und standardisiert Projektmanagementprozesse im Unternehmen. Er koordiniert alle Programme und Projekte, stellt ihre Ausrichtung auf die Unternehmensziele sicher und unterst\u00fctzt die Projektmanager bei der erfolgreichen Umsetzung.                        <\/p>\n                    <\/div>\n                                                                <\/div>\n                    <ul class=\"content-tabs-nav\" id=\"block_1006919fa1d76b3e50d8b006e58186c8-nav\">\n                                                        \n                    <li\n                        class=\"content-tabs-nav-item -active\"\n                    >\n                                                    Head of Program Management \/ Programm-Manager                                            <\/li>\n                                                                \n                    <li\n                        class=\"content-tabs-nav-item -active\"\n                    >\n                                                    Head of Project Management \/ Projektmanager                                            <\/li>\n                                                                \n                    <li\n                        class=\"content-tabs-nav-item -active\"\n                    >\n                                                    Head of PMO \/ Leiter PMO                                            <\/li>\n                                                                <\/ul>\n    <\/div>\n","protected":false},"excerpt":{"rendered":"<p>Der Bereich Programm- und Projektmanagement umfasst die Planung, Leitung und \u00dcberwachung von Programmen und Projekten. Ziel ist es, sicherzustellen, dass die Programme und Projekte p\u00fcnktlich, innerhalb des Budgets und gem\u00e4\u00df den festgelegten Qualit\u00e4tsstandards abgeschlossen werden. Interim Manager im Bereich Programm- und Projektmanagement helfen Unternehmen, ihre Ressourcen optimal einzusetzen und Stakeholder zufriedenzustellen. Zudem unterst\u00fctzen sie bei [&hellip;]<\/p>\n","protected":false},"featured_media":10015,"parent":0,"menu_order":8,"comment_status":"open","ping_status":"closed","template":"","acf":[],"yoast_head":"<!-- This site is optimized with the Yoast SEO Premium plugin v20.5 (Yoast SEO v20.5) - https:\/\/yoast.com\/wordpress\/plugins\/seo\/ -->\n<title>Programm- und Projektmanagement &ndash; Signium<\/title>\n<meta name=\"description\" content=\"Im Bereich Programm- und Projektmanagement \u00fcbernehmen durch Signium vermittelte Interim Manager flexible Verantwortung beim Ressourcen- und Stakeholder-Management.\" \/>\n<meta name=\"robots\" content=\"index, follow, max-snippet:-1, max-image-preview:large, max-video-preview:-1\" \/>\n<link rel=\"canonical\" href=\"https:\/\/www.signium.com\/de\/function\/projekt-management\/\" \/>\n<meta property=\"og:locale\" content=\"de_DE\" \/>\n<meta property=\"og:type\" content=\"article\" \/>\n<meta property=\"og:title\" content=\"Programm- und Projektmanagement\" \/>\n<meta property=\"og:description\" content=\"Im Bereich Programm- und Projektmanagement \u00fcbernehmen durch Signium vermittelte Interim Manager flexible Verantwortung beim Ressourcen- und Stakeholder-Management.\" \/>\n<meta property=\"og:url\" content=\"https:\/\/www.signium.com\/de\/function\/projekt-management\/\" \/>\n<meta property=\"og:site_name\" content=\"Signium\" \/>\n<meta property=\"article:modified_time\" content=\"2024-07-03T10:02:54+00:00\" \/>\n<meta property=\"og:image\" content=\"https:\/\/www.signium.com\/wp-content\/uploads\/2024\/06\/Funktion-Programm-und-Projektmanagement-Signium-Executive-Interim-Management-scaled.jpg\" \/>\n\t<meta property=\"og:image:width\" content=\"2560\" \/>\n\t<meta property=\"og:image:height\" content=\"1707\" \/>\n\t<meta property=\"og:image:type\" content=\"image\/jpeg\" \/>\n<meta name=\"twitter:card\" content=\"summary_large_image\" \/>\n<meta name=\"twitter:site\" content=\"@signiumspeaks\" \/>\n<meta name=\"twitter:label1\" content=\"Est. reading time\" \/>\n\t<meta name=\"twitter:data1\" content=\"1 minute\" \/>\n<script type=\"application\/ld+json\" class=\"yoast-schema-graph\">{\"@context\":\"https:\/\/schema.org\",\"@graph\":[{\"@type\":\"WebPage\",\"@id\":\"https:\/\/www.signium.com\/de\/function\/projekt-management\/\",\"url\":\"https:\/\/www.signium.com\/de\/function\/projekt-management\/\",\"name\":\"Programm- und Projektmanagement &ndash; Signium\",\"isPartOf\":{\"@id\":\"https:\/\/staging.signium.com\/#website\"},\"datePublished\":\"2024-06-24T11:25:27+00:00\",\"dateModified\":\"2024-07-03T10:02:54+00:00\",\"description\":\"Im Bereich Programm- und Projektmanagement \u00fcbernehmen durch Signium vermittelte Interim Manager flexible Verantwortung beim Ressourcen- und Stakeholder-Management.\",\"breadcrumb\":{\"@id\":\"https:\/\/www.signium.com\/de\/function\/projekt-management\/#breadcrumb\"},\"inLanguage\":\"de-DE\",\"potentialAction\":[{\"@type\":\"ReadAction\",\"target\":[\"https:\/\/www.signium.com\/de\/function\/projekt-management\/\"]}]},{\"@type\":\"BreadcrumbList\",\"@id\":\"https:\/\/www.signium.com\/de\/function\/projekt-management\/#breadcrumb\",\"itemListElement\":[{\"@type\":\"ListItem\",\"position\":1,\"name\":\"Home\",\"item\":\"https:\/\/www.signium.com\/de\/\"},{\"@type\":\"ListItem\",\"position\":2,\"name\":\"Functions\",\"item\":\"https:\/\/www.signium.com\/de\/function\/\"},{\"@type\":\"ListItem\",\"position\":3,\"name\":\"Programm- und Projektmanagement\"}]},{\"@type\":\"WebSite\",\"@id\":\"https:\/\/staging.signium.com\/#website\",\"url\":\"https:\/\/staging.signium.com\/\",\"name\":\"Signium\",\"description\":\"Global Executive Search and Leadership Consulting\",\"publisher\":{\"@id\":\"https:\/\/staging.signium.com\/#organization\"},\"potentialAction\":[{\"@type\":\"SearchAction\",\"target\":{\"@type\":\"EntryPoint\",\"urlTemplate\":\"https:\/\/staging.signium.com\/?s={search_term_string}\"},\"query-input\":\"required name=search_term_string\"}],\"inLanguage\":\"de-DE\"},{\"@type\":\"Organization\",\"@id\":\"https:\/\/staging.signium.com\/#organization\",\"name\":\"Signium\",\"url\":\"https:\/\/staging.signium.com\/\",\"logo\":{\"@type\":\"ImageObject\",\"inLanguage\":\"de-DE\",\"@id\":\"https:\/\/staging.signium.com\/#\/schema\/logo\/image\/\",\"url\":\"https:\/\/www.signium.com\/wp-content\/uploads\/2020\/05\/logo-darkblue.png\",\"contentUrl\":\"https:\/\/www.signium.com\/wp-content\/uploads\/2020\/05\/logo-darkblue.png\",\"width\":300,\"height\":66,\"caption\":\"Signium\"},\"image\":{\"@id\":\"https:\/\/staging.signium.com\/#\/schema\/logo\/image\/\"},\"sameAs\":[\"https:\/\/twitter.com\/signiumspeaks\",\"https:\/\/www.linkedin.com\/company\/signium\",\"https:\/\/www.youtube.com\/channel\/UC1mryZmvR40LptxwpsxMaiw\"]}]}<\/script>\n<!-- \/ Yoast SEO Premium plugin. -->","yoast_head_json":{"title":"Programm- und Projektmanagement &ndash; Signium","description":"Im Bereich Programm- und Projektmanagement \u00fcbernehmen durch Signium vermittelte Interim Manager flexible Verantwortung beim Ressourcen- und Stakeholder-Management.","robots":{"index":"index","follow":"follow","max-snippet":"max-snippet:-1","max-image-preview":"max-image-preview:large","max-video-preview":"max-video-preview:-1"},"canonical":"https:\/\/www.signium.com\/de\/function\/projekt-management\/","og_locale":"de_DE","og_type":"article","og_title":"Programm- und Projektmanagement","og_description":"Im Bereich Programm- und Projektmanagement \u00fcbernehmen durch Signium vermittelte Interim Manager flexible Verantwortung beim Ressourcen- und Stakeholder-Management.","og_url":"https:\/\/www.signium.com\/de\/function\/projekt-management\/","og_site_name":"Signium","article_modified_time":"2024-07-03T10:02:54+00:00","og_image":[{"width":2560,"height":1707,"url":"https:\/\/www.signium.com\/wp-content\/uploads\/2024\/06\/Funktion-Programm-und-Projektmanagement-Signium-Executive-Interim-Management-scaled.jpg","type":"image\/jpeg"}],"twitter_card":"summary_large_image","twitter_site":"@signiumspeaks","twitter_misc":{"Est. reading time":"1 minute"},"schema":{"@context":"https:\/\/schema.org","@graph":[{"@type":"WebPage","@id":"https:\/\/www.signium.com\/de\/function\/projekt-management\/","url":"https:\/\/www.signium.com\/de\/function\/projekt-management\/","name":"Programm- und Projektmanagement &ndash; Signium","isPartOf":{"@id":"https:\/\/staging.signium.com\/#website"},"datePublished":"2024-06-24T11:25:27+00:00","dateModified":"2024-07-03T10:02:54+00:00","description":"Im Bereich Programm- und Projektmanagement \u00fcbernehmen durch Signium vermittelte Interim Manager flexible Verantwortung beim Ressourcen- und Stakeholder-Management.","breadcrumb":{"@id":"https:\/\/www.signium.com\/de\/function\/projekt-management\/#breadcrumb"},"inLanguage":"de-DE","potentialAction":[{"@type":"ReadAction","target":["https:\/\/www.signium.com\/de\/function\/projekt-management\/"]}]},{"@type":"BreadcrumbList","@id":"https:\/\/www.signium.com\/de\/function\/projekt-management\/#breadcrumb","itemListElement":[{"@type":"ListItem","position":1,"name":"Home","item":"https:\/\/www.signium.com\/de\/"},{"@type":"ListItem","position":2,"name":"Functions","item":"https:\/\/www.signium.com\/de\/function\/"},{"@type":"ListItem","position":3,"name":"Programm- und Projektmanagement"}]},{"@type":"WebSite","@id":"https:\/\/staging.signium.com\/#website","url":"https:\/\/staging.signium.com\/","name":"Signium","description":"Global Executive Search and Leadership Consulting","publisher":{"@id":"https:\/\/staging.signium.com\/#organization"},"potentialAction":[{"@type":"SearchAction","target":{"@type":"EntryPoint","urlTemplate":"https:\/\/staging.signium.com\/?s={search_term_string}"},"query-input":"required name=search_term_string"}],"inLanguage":"de-DE"},{"@type":"Organization","@id":"https:\/\/staging.signium.com\/#organization","name":"Signium","url":"https:\/\/staging.signium.com\/","logo":{"@type":"ImageObject","inLanguage":"de-DE","@id":"https:\/\/staging.signium.com\/#\/schema\/logo\/image\/","url":"https:\/\/www.signium.com\/wp-content\/uploads\/2020\/05\/logo-darkblue.png","contentUrl":"https:\/\/www.signium.com\/wp-content\/uploads\/2020\/05\/logo-darkblue.png","width":300,"height":66,"caption":"Signium"},"image":{"@id":"https:\/\/staging.signium.com\/#\/schema\/logo\/image\/"},"sameAs":["https:\/\/twitter.com\/signiumspeaks","https:\/\/www.linkedin.com\/company\/signium","https:\/\/www.youtube.com\/channel\/UC1mryZmvR40LptxwpsxMaiw"]}]}},"_links":{"self":[{"href":"https:\/\/www.signium.com\/de\/wp-json\/wp\/v2\/function\/9753"}],"collection":[{"href":"https:\/\/www.signium.com\/de\/wp-json\/wp\/v2\/function"}],"about":[{"href":"https:\/\/www.signium.com\/de\/wp-json\/wp\/v2\/types\/function"}],"replies":[{"embeddable":true,"href":"https:\/\/www.signium.com\/de\/wp-json\/wp\/v2\/comments?post=9753"}],"wp:featuredmedia":[{"embeddable":true,"href":"https:\/\/www.signium.com\/de\/wp-json\/wp\/v2\/media\/10015"}],"wp:attachment":[{"href":"https:\/\/www.signium.com\/de\/wp-json\/wp\/v2\/media?parent=9753"}],"curies":[{"name":"wp","href":"https:\/\/api.w.org\/{rel}","templated":true}]}}

<p data-aos="fade-up">Der Bereich Programm- und Projektmanagement umfasst die Planung, Leitung und Überwachung von Programmen und Projekten. Ziel ist es, sicherzustellen, dass die Programme und Projekte pünktlich, innerhalb des Budgets und gemäß den festgelegten Qualitätsstandards abgeschlossen werden.</p>



<p data-aos="fade-up">Interim Manager im Bereich Programm- und Projektmanagement helfen Unternehmen, ihre Ressourcen optimal einzusetzen und Stakeholder zufriedenzustellen. Zudem unterstützen sie bei der Einführung von Best Practices und der Stabilisierung von Projektteams während Übergangsphasen oder kritischer Projektsituationen.</p>



<div class="content-tabs">
                        <div class="content-tabs-items" id="block_1006919fa1d76b3e50d8b006e58186c8">
                                                        <div
                        class="content-tabs-item -active"
                    >
                        <h4 data-aos="fade-up">Head of Program Management / Programm-Manager</h4>
                        <h2 data-aos="fade-up"></h2>
                        <p>
                        Als Programm-Manager überwacht und fördert der Interim Manager die Zusammenarbeit zwischen den Projektmanagern. Der Interim Programm-Manager ist verantwortlich für das Management der Abhängigkeiten zwischen den Projekten innerhalb des Programms und kümmert sich um eskalierte Probleme, die nicht in den Aufgabenbereich des Projektmanagements fallen.                        </p>
                    </div>
                                                                <div
                        class="content-tabs-item -active"
                    >
                        <h4 data-aos="fade-up">Head of Project Management / Projektmanager</h4>
                        <h2 data-aos="fade-up"></h2>
                        <p>
                        Als Project Manager verantwortet der Interim Manager die operative Planung, Durchführung, Steuerung und Realisierung von Projekten. Er begleitet ein Projekt vom Anfang bis zum Ende, behält dabei den Überblick über den Ablauf, die Arbeitsweise der Projektmitarbeiter, das Budget und den zeitlichen Rahmen.                        </p>
                    </div>
                                                                <div
                        class="content-tabs-item -active"
                    >
                        <h4 data-aos="fade-up">Head of PMO / Leiter PMO</h4>
                        <h2 data-aos="fade-up"></h2>
                        <p>
                        Als Head of PMO leitet der Interim Manager das Programm-Management Office und standardisiert Projektmanagementprozesse im Unternehmen. Er koordiniert alle Programme und Projekte, stellt ihre Ausrichtung auf die Unternehmensziele sicher und unterstützt die Projektmanager bei der erfolgreichen Umsetzung.                        </p>
                    </div>
                                                                </div>
                    <ul class="content-tabs-nav" id="block_1006919fa1d76b3e50d8b006e58186c8-nav">
                                                        
                    <li
                        class="content-tabs-nav-item -active"
                    >
                                                    Head of Program Management / Programm-Manager                                            </li>
                                                                
                    <li
                        class="content-tabs-nav-item -active"
                    >
                                                    Head of Project Management / Projektmanager                                            </li>
                                                                
                    <li
                        class="content-tabs-nav-item -active"
                    >
                                                    Head of PMO / Leiter PMO                                            </li>
                                                                </ul>
    </div>

<p>Der Bereich Programm- und Projektmanagement umfasst die Planung, Leitung und Überwachung von Programmen und Projekten. Ziel ist es, sicherzustellen, dass die Programme und Projekte pünktlich, innerhalb des Budgets und gemäß den festgelegten Qualitätsstandards abgeschlossen werden. Interim Manager im Bereich Programm- und Projektmanagement helfen Unternehmen, ihre Ressourcen optimal einzusetzen und Stakeholder zufriedenzustellen. Zudem unterstützen sie bei [&hellip;]</p>

<!-- This site is optimized with the Yoast SEO Premium plugin v20.5 (Yoast SEO v20.5) - https://yoast.com/wordpress/plugins/seo/ -->
<title>Programm- und Projektmanagement &ndash; Signium</title>
<meta name="description" content="Im Bereich Programm- und Projektmanagement übernehmen durch Signium vermittelte Interim Manager flexible Verantwortung beim Ressourcen- und Stakeholder-Management." />
<meta name="robots" content="index, follow, max-snippet:-1, max-image-preview:large, max-video-preview:-1" />
<link rel="canonical" href="https://www.signium.com/de/function/projekt-management/" />
<meta property="og:locale" content="de_DE" />
<meta property="og:type" content="article" />
<meta property="og:title" content="Programm- und Projektmanagement" />
<meta property="og:description" content="Im Bereich Programm- und Projektmanagement übernehmen durch Signium vermittelte Interim Manager flexible Verantwortung beim Ressourcen- und Stakeholder-Management." />
<meta property="og:url" content="https://www.signium.com/de/function/projekt-management/" />
<meta property="og:site_name" content="Signium" />
<meta property="article:modified_time" content="2024-07-03T10:02:54+00:00" />
<meta property="og:image" content="https://www.signium.com/wp-content/uploads/2024/06/Funktion-Programm-und-Projektmanagement-Signium-Executive-Interim-Management-scaled.jpg" />
	<meta property="og:image:width" content="2560" />
	<meta property="og:image:height" content="1707" />
	<meta property="og:image:type" content="image/jpeg" />
<meta name="twitter:card" content="summary_large_image" />
<meta name="twitter:site" content="@signiumspeaks" />
<meta name="twitter:label1" content="Est. reading time" />
	<meta name="twitter:data1" content="1 minute" />
<script type="application/ld+json" class="yoast-schema-graph">{"@context":"https://schema.org","@graph":[{"@type":"WebPage","@id":"https://www.signium.com/de/function/projekt-management/","url":"https://www.signium.com/de/function/projekt-management/","name":"Programm- und Projektmanagement &ndash; Signium","isPartOf":{"@id":"https://staging.signium.com/#website"},"datePublished":"2024-06-24T11:25:27+00:00","dateModified":"2024-07-03T10:02:54+00:00","description":"Im Bereich Programm- und Projektmanagement übernehmen durch Signium vermittelte Interim Manager flexible Verantwortung beim Ressourcen- und Stakeholder-Management.","breadcrumb":{"@id":"https://www.signium.com/de/function/projekt-management/#breadcrumb"},"inLanguage":"de-DE","potentialAction":[{"@type":"ReadAction","target":["https://www.signium.com/de/function/projekt-management/"]}]},{"@type":"BreadcrumbList","@id":"https://www.signium.com/de/function/projekt-management/#breadcrumb","itemListElement":[{"@type":"ListItem","position":1,"name":"Home","item":"https://www.signium.com/de/"},{"@type":"ListItem","position":2,"name":"Functions","item":"https://www.signium.com/de/function/"},{"@type":"ListItem","position":3,"name":"Programm- und Projektmanagement"}]},{"@type":"WebSite","@id":"https://staging.signium.com/#website","url":"https://staging.signium.com/","name":"Signium","description":"Global Executive Search and Leadership Consulting","publisher":{"@id":"https://staging.signium.com/#organization"},"potentialAction":[{"@type":"SearchAction","target":{"@type":"EntryPoint","urlTemplate":"https://staging.signium.com/?s={search_term_string}"},"query-input":"required name=search_term_string"}],"inLanguage":"de-DE"},{"@type":"Organization","@id":"https://staging.signium.com/#organization","name":"Signium","url":"https://staging.signium.com/","logo":{"@type":"ImageObject","inLanguage":"de-DE","@id":"https://staging.signium.com/#/schema/logo/image/","url":"https://www.signium.com/wp-content/uploads/2020/05/logo-darkblue.png","contentUrl":"https://www.signium.com/wp-content/uploads/2020/05/logo-darkblue.png","width":300,"height":66,"caption":"Signium"},"image":{"@id":"https://staging.signium.com/#/schema/logo/image/"},"sameAs":["https://twitter.com/signiumspeaks","https://www.linkedin.com/company/signium","https://www.youtube.com/channel/UC1mryZmvR40LptxwpsxMaiw"]}]}</script>
<!-- / Yoast SEO Premium plugin. -->

Im Bereich Programm- und Projektmanagement übernehmen durch Signium vermittelte Interim Manager flexible Verantwortung beim Ressourcen- und Stakeholder-Management.
